{"id":2510,"date":"2021-02-22T13:51:22","date_gmt":"2021-02-22T13:51:22","guid":{"rendered":"http:\/\/www.atracucine.it\/?page_id=2510"},"modified":"2025-02-10T15:47:49","modified_gmt":"2025-02-10T15:47:49","slug":"essenza-2-3-2-2","status":"publish","type":"page","link":"https:\/\/www.atracucine.it\/?page_id=2510","title":{"rendered":"Shine"},"content":{"rendered":"<p><a href=\"https:\/\/www.atracucine.it\/wp-content\/uploads\/2025\/02\/24041_Atra-Comp-8-v4-var-scaled.jpg\" data-elementor-open-lightbox=\"yes\" data-elementor-lightbox-title=\"24041_Atra-Comp 8 v4 var\" data-e-action-hash=\"#elementor-action%3Aaction%3Dlightbox%26settings%3DeyJpZCI6NDc2NCwidXJsIjoiaHR0cHM6XC9cL3d3dy5hdHJhY3VjaW5lLml0XC93cC1jb250ZW50XC91cGxvYWRzXC8yMDI1XC8wMlwvMjQwNDFfQXRyYS1Db21wLTgtdjQtdmFyLXNjYWxlZC5qcGcifQ%3D%3D\"><br \/>\n\t\t\t\t\t\t\t<img loading=\"lazy\" decoding=\"async\" width=\"2048\" height=\"1337\" src=\"https:\/\/www.atracucine.it\/wp-content\/uploads\/2025\/02\/24041_Atra-Comp-8-v4-var-2048x1337.jpg\" alt=\"\" srcset=\"https:\/\/www.atracucine.it\/wp-content\/uploads\/2025\/02\/24041_Atra-Comp-8-v4-var-200x131.jpg 200w, https:\/\/www.atracucine.it\/wp-content\/uploads\/2025\/02\/24041_Atra-Comp-8-v4-var-300x196.jpg 300w, https:\/\/www.atracucine.it\/wp-content\/uploads\/2025\/02\/24041_Atra-Comp-8-v4-var-400x261.jpg 400w, https:\/\/www.atracucine.it\/wp-content\/uploads\/2025\/02\/24041_Atra-Comp-8-v4-var-600x392.jpg 600w, https:\/\/www.atracucine.it\/wp-content\/uploads\/2025\/02\/24041_Atra-Comp-8-v4-var-768x502.jpg 768w, https:\/\/www.atracucine.it\/wp-content\/uploads\/2025\/02\/24041_Atra-Comp-8-v4-var-800x522.jpg 800w, https:\/\/www.atracucine.it\/wp-content\/uploads\/2025\/02\/24041_Atra-Comp-8-v4-var-1024x669.jpg 1024w, https:\/\/www.atracucine.it\/wp-content\/uploads\/2025\/02\/24041_Atra-Comp-8-v4-var-1200x784.jpg 1200w, https:\/\/www.atracucine.it\/wp-content\/uploads\/2025\/02\/24041_Atra-Comp-8-v4-var-1536x1003.jpg 1536w, https:\/\/www.atracucine.it\/wp-content\/uploads\/2025\/02\/24041_Atra-Comp-8-v4-var-2048x1337.jpg 2048w\" sizes=\"auto, (max-width: 2048px) 100vw, 2048px\" \/>\t\t\t\t\t\t\t\t<\/a><\/p>\n<figure><img data-src=\"https:\/\/www.atracucine.it\/wp-content\/uploads\/2025\/02\/24041_Atra-Comp-8-v2-var-700x441.jpg\" alt=\"24041_Atra-Comp 8 v2 var\" \/><\/figure>\n<figure><img data-src=\"https:\/\/www.atracucine.it\/wp-content\/uploads\/2025\/02\/24041_Atra-Comp-8-v1-var-700x441.jpg\" alt=\"24041_Atra-Comp 8 v1 var\" \/><\/figure>\n<figure><img data-src=\"https:\/\/www.atracucine.it\/wp-content\/uploads\/2025\/02\/24041_Atra-Comp-8-v0-gen-700x441.jpg\" alt=\"24041_Atra-Comp 8 v0 gen\" \/><\/figure>\n<figure><img data-src=\"https:\/\/www.atracucine.it\/wp-content\/uploads\/2025\/02\/24041_Atra-Comp-8-v6-var-1-700x441.jpg\" alt=\"24041_Atra-Comp 8 v6 var\" \/><\/figure>\n<figure><img data-src=\"https:\/\/www.atracucine.it\/wp-content\/uploads\/2025\/02\/24041_Atra-Comp-8-v5-var-700x441.jpg\" alt=\"24041_Atra-Comp 8 v5 var\" \/><\/figure>\n<figure><img data-src=\"https:\/\/www.atracucine.it\/wp-content\/uploads\/2025\/02\/24041_Atra-Comp-8-v3-var-700x441.jpg\" alt=\"24041_Atra-Comp 8 v3 var\" \/><\/figure>\n<p>\t\t\t\t\t\t\t\t\t\t\t\t\t\t\t\t<a href=\"https:\/\/www.atracucine.it\/wp-content\/uploads\/2025\/02\/24041_Atra-Comp-4-v0-gen-scaled.jpg\" data-elementor-open-lightbox=\"yes\" data-elementor-lightbox-title=\"24041_Atra-Comp 4 v0 gen\" data-e-action-hash=\"#elementor-action%3Aaction%3Dlightbox%26settings%3DeyJpZCI6NDUwNiwidXJsIjoiaHR0cHM6XC9cL3d3dy5hdHJhY3VjaW5lLml0XC93cC1jb250ZW50XC91cGxvYWRzXC8yMDI1XC8wMlwvMjQwNDFfQXRyYS1Db21wLTQtdjAtZ2VuLXNjYWxlZC5qcGcifQ%3D%3D\"><br \/>\n\t\t\t\t\t\t\t<img loading=\"lazy\" decoding=\"async\" width=\"2048\" height=\"1337\" src=\"https:\/\/www.atracucine.it\/wp-content\/uploads\/2025\/02\/24041_Atra-Comp-4-v0-gen-2048x1337.jpg\" alt=\"\" srcset=\"https:\/\/www.atracucine.it\/wp-content\/uploads\/2025\/02\/24041_Atra-Comp-4-v0-gen-200x131.jpg 200w, https:\/\/www.atracucine.it\/wp-content\/uploads\/2025\/02\/24041_Atra-Comp-4-v0-gen-300x196.jpg 300w, https:\/\/www.atracucine.it\/wp-content\/uploads\/2025\/02\/24041_Atra-Comp-4-v0-gen-400x261.jpg 400w, https:\/\/www.atracucine.it\/wp-content\/uploads\/2025\/02\/24041_Atra-Comp-4-v0-gen-600x392.jpg 600w, https:\/\/www.atracucine.it\/wp-content\/uploads\/2025\/02\/24041_Atra-Comp-4-v0-gen-768x501.jpg 768w, https:\/\/www.atracucine.it\/wp-content\/uploads\/2025\/02\/24041_Atra-Comp-4-v0-gen-800x522.jpg 800w, https:\/\/www.atracucine.it\/wp-content\/uploads\/2025\/02\/24041_Atra-Comp-4-v0-gen-1024x668.jpg 1024w, https:\/\/www.atracucine.it\/wp-content\/uploads\/2025\/02\/24041_Atra-Comp-4-v0-gen-1200x783.jpg 1200w, https:\/\/www.atracucine.it\/wp-content\/uploads\/2025\/02\/24041_Atra-Comp-4-v0-gen-1536x1002.jpg 1536w, https:\/\/www.atracucine.it\/wp-content\/uploads\/2025\/02\/24041_Atra-Comp-4-v0-gen-2048x1337.jpg 2048w\" sizes=\"auto, (max-width: 2048px) 100vw, 2048px\" \/>\t\t\t\t\t\t\t\t<\/a><\/p>\n<figure><img data-src=\"https:\/\/www.atracucine.it\/wp-content\/uploads\/2025\/02\/24041_Atra-Comp-4-v3-var-700x441.jpg\" alt=\"24041_Atra-Comp 4 v3 var\" \/><\/figure>\n<figure><img data-src=\"https:\/\/www.atracucine.it\/wp-content\/uploads\/2025\/02\/24041_Atra-Comp-4-v2-var-700x441.jpg\" alt=\"24041_Atra-Comp 4 v2 var\" \/><\/figure>\n<figure><img data-src=\"https:\/\/www.atracucine.it\/wp-content\/uploads\/2025\/02\/24041_Atra-Comp-4-v1-var-700x441.jpg\" alt=\"24041_Atra-Comp 4 v1 var\" \/><\/figure>\n<figure><img data-src=\"https:\/\/www.atracucine.it\/wp-content\/uploads\/2025\/02\/24041_Atra-Comp-4-v6-var-1-700x441.jpg\" alt=\"24041_Atra-Comp 4 v6 var\" \/><\/figure>\n<figure><img data-src=\"https:\/\/www.atracucine.it\/wp-content\/uploads\/2025\/02\/24041_Atra-Comp-4-v5-var-700x441.jpg\" alt=\"24041_Atra-Comp 4 v5 var\" \/><\/figure>\n<figure><img data-src=\"https:\/\/www.atracucine.it\/wp-content\/uploads\/2025\/02\/24041_Atra-Comp-4-v4-var-700x441.jpg\" alt=\"24041_Atra-Comp 4 v4 var\" \/><\/figure>\n<p>\t\t\t\t\t\t\t\t\t\t\t\t\t\t\t\t<a href=\"https:\/\/www.atracucine.it\/wp-content\/uploads\/2025\/02\/24041_Atra-Comp-18-v3-var-scaled.jpg\" data-elementor-open-lightbox=\"yes\" data-elementor-lightbox-title=\"24041_Atra-Comp 18 v3 var\" data-e-action-hash=\"#elementor-action%3Aaction%3Dlightbox%26settings%3DeyJpZCI6NDc1NiwidXJsIjoiaHR0cHM6XC9cL3d3dy5hdHJhY3VjaW5lLml0XC93cC1jb250ZW50XC91cGxvYWRzXC8yMDI1XC8wMlwvMjQwNDFfQXRyYS1Db21wLTE4LXYzLXZhci1zY2FsZWQuanBnIn0%3D\"><br \/>\n\t\t\t\t\t\t\t<img loading=\"lazy\" decoding=\"async\" width=\"2048\" height=\"1485\" src=\"https:\/\/www.atracucine.it\/wp-content\/uploads\/2025\/02\/24041_Atra-Comp-18-v3-var-2048x1485.jpg\" alt=\"\" srcset=\"https:\/\/www.atracucine.it\/wp-content\/uploads\/2025\/02\/24041_Atra-Comp-18-v3-var-200x145.jpg 200w, https:\/\/www.atracucine.it\/wp-content\/uploads\/2025\/02\/24041_Atra-Comp-18-v3-var-300x218.jpg 300w, https:\/\/www.atracucine.it\/wp-content\/uploads\/2025\/02\/24041_Atra-Comp-18-v3-var-400x290.jpg 400w, https:\/\/www.atracucine.it\/wp-content\/uploads\/2025\/02\/24041_Atra-Comp-18-v3-var-600x435.jpg 600w, https:\/\/www.atracucine.it\/wp-content\/uploads\/2025\/02\/24041_Atra-Comp-18-v3-var-768x557.jpg 768w, https:\/\/www.atracucine.it\/wp-content\/uploads\/2025\/02\/24041_Atra-Comp-18-v3-var-800x580.jpg 800w, https:\/\/www.atracucine.it\/wp-content\/uploads\/2025\/02\/24041_Atra-Comp-18-v3-var-1024x742.jpg 1024w, https:\/\/www.atracucine.it\/wp-content\/uploads\/2025\/02\/24041_Atra-Comp-18-v3-var-1200x870.jpg 1200w, https:\/\/www.atracucine.it\/wp-content\/uploads\/2025\/02\/24041_Atra-Comp-18-v3-var-1536x1114.jpg 1536w, https:\/\/www.atracucine.it\/wp-content\/uploads\/2025\/02\/24041_Atra-Comp-18-v3-var-2048x1485.jpg 2048w\" sizes=\"auto, (max-width: 2048px) 100vw, 2048px\" \/>\t\t\t\t\t\t\t\t<\/a><\/p>\n<figure><img data-src=\"https:\/\/www.atracucine.it\/wp-content\/uploads\/2025\/02\/24041_Atra-Comp-18-v4-var-700x441.jpg\" alt=\"24041_Atra-Comp 18 v4 var\" \/><\/figure>\n<figure><img data-src=\"https:\/\/www.atracucine.it\/wp-content\/uploads\/2025\/02\/24041_Atra-Comp-18-v5-var-700x441.jpg\" alt=\"ProEXR File Description\n=Attributes=\ncameraAperture (float): 36\ncameraFarClip (float): 1e+009\ncameraFarRange (float): 100000\ncameraFov (float): 43.354\ncameraNearClip (float): 0\ncameraNearRange (float): 0\ncameraProjection (int): 0\ncameraTargetDistance (float): 200\ncameraTransform (m44f): [{0.000937939, -0.0671422, 0.997743, 246.126}, {1, 6.29753e-005, -0.000935823, 115.898}, {0, 0.997743, 0.0671422, 124.135}, {0, 0, 0, 1}]\nchannels (chlist)\ncompression (compression): Zip16\ndataWindow (box2i): [0, 0, 2753, 3599]\ndisplayWindow (box2i): [0, 0, 2753, 3599]\ngamma (float): 1\nlineOrder (lineOrder): Increasing Y\npixelAspectRatio (float): 1\nscreenWindowCenter (v2f): [0, 0]\nscreenWindowWidth (float): 1\ntiles (tiledesc): [64, 64]\ntype (string): &quot;tiledimage&quot;\n=Channels=\nB (float)\nG (float)\nR (float)\nVRayAlpha.A (half)\nVRayAlpha.B (half)\nVRayAlpha.G (half)\nVRayAlpha.R (half)\nVRayDiffuseFilter.A (half)\nVRayDiffuseFilter.B (half)\nVRayDiffuseFilter.G (half)\nVRayDiffuseFilter.R (half)\nVRayExtraTex_Map #1123125625.A (half)\nVRayExtraTex_Map #1123125625.B (half)\nVRayExtraTex_Map #1123125625.G (half)\nVRayExtraTex_Map #1123125625.R (half)\nVRayRawGlobalIllumination.A (half)\nVRayRawGlobalIllumination.B (half)\nVRayRawGlobalIllumination.G (half)\nVRayRawGlobalIllumination.R (half)\nVRayRawLighting.A (half)\nVRayRawLighting.B (half)\nVRayRawLighting.G (half)\nVRayRawLighting.R (half)\nVRayReflection.A (half)\nVRayReflection.B (half)\nVRayReflection.G (half)\nVRayReflection.R (half)\nVRayRefraction.A (half)\nVRayRefraction.B (half)\nVRayRefraction.G (half)\nVRayRefraction.R (half)\nVRaySelfIllumination.A (half)\nVRaySelfIllumination.B (half)\nVRaySelfIllumination.G (half)\nVRaySelfIllumination.R (half)\nVRaySpecular.A (half)\nVRaySpecular.B (half)\nVRaySpecular.G (half)\nVRaySpecular.R (half)\nVRayTotalLighting.A (half)\nVRayTotalLighting.B (half)\nVRayTotalLighting.G (half)\nVRayTotalLighting.R (half)\nVRayWireColor.A (half)\nVRayWireColor.B (half)\nVRayWireColor.G (half)\nVRayWireColor.R (half)\nVRayZDepth.A (half)\nVRayZ\" \/><\/figure>\n<figure><img data-src=\"https:\/\/www.atracucine.it\/wp-content\/uploads\/2025\/02\/24041_Atra-Comp-18-v6-var-1-700x441.jpg\" alt=\"24041_Atra-Comp 18 v6 var\" \/><\/figure>\n<figure><img data-src=\"https:\/\/www.atracucine.it\/wp-content\/uploads\/2025\/02\/24041_Atra-Comp-18-v1-var-700x441.jpg\" alt=\"24041_Atra-Comp 18 v1 var\" \/><\/figure>\n<figure><img data-src=\"https:\/\/www.atracucine.it\/wp-content\/uploads\/2025\/02\/24041_Atra-Comp-18-v2-var-700x441.jpg\" alt=\"24041_Atra-Comp 18 v2 var\" \/><\/figure>\n<figure><img data-src=\"https:\/\/www.atracucine.it\/wp-content\/uploads\/2025\/02\/24041_Atra-Comp-18-v3-var-700x441.jpg\" alt=\"24041_Atra-Comp 18 v3 var\" \/><\/figure>\n<h4 style=\"text-align: center;\">Le straordinarie potenzialit\u00e0 dell\u2019effetto vetro<br \/>GLAKS\u00ae \u00e8 la superficie innovativa dall\u2019effetto vetro. Riconosciuto anche come \u201cvetro organico\u201d, poich\u00e9 combina la polvere di silicio al puro PMMA trasparente. GLAKS\u00ae riporta l\u2019estetica del vetro verso una nuova soluzione, ancora pi\u00f9 autentica: l\u2019unione perfetta tra leggerezza e solidit\u00e0. Il vetro organico di nuova generazione diventa un supporto ideale per la realizzazione di arredi di design nei quali si riflettono echi dell\u2019arte vetraria veneziana.<\/h4>\n<h3 style=\"text-align: center;\"><strong>Finitura opaca e lucida<\/strong><\/h3>\n<p style=\"text-align: center;\">Disponibile in finitura lucida e opaca anti impronta,<br \/>GLAKS\u00ae \u00e8 resistente al graffio, agli agenti chimici, agli sbalzi di temperatura.<br \/>Oltre ad essere infrangibile e molto pi\u00f9 leggero del vetro, questa superficie garantisce praticit\u00e0 e facilit\u00e0 di pulizia.<\/p>\n<p><img decoding=\"async\" src=\"https:\/\/www.eurocomponenti.com\/wp-content\/uploads\/2021\/09\/glaks-bianco-M001-2.jpg\" alt=\"\" \/><\/p>\n<p>M001 Bianco<\/p>\n<p><img decoding=\"async\" src=\"https:\/\/www.eurocomponenti.com\/wp-content\/uploads\/2021\/09\/glaks-talco-M138-3.jpg\" alt=\"\" \/><\/p>\n<p>M138 Talco<\/p>\n<p><img decoding=\"async\" src=\"https:\/\/www.eurocomponenti.com\/wp-content\/uploads\/2021\/09\/glaks-grigio-alaska-M187-2.jpg\" alt=\"\" \/><\/p>\n<p>M187 Grigio Alaska<\/p>\n<p><img decoding=\"async\" src=\"https:\/\/www.eurocomponenti.com\/wp-content\/uploads\/2021\/09\/glaks-grigio-ombra-M181-2.jpg\" alt=\"\" \/><\/p>\n<p>M181 Grigio Ombra<\/p>\n<p><img decoding=\"async\" src=\"https:\/\/www.eurocomponenti.com\/wp-content\/uploads\/2021\/09\/glaks-bianco-M002-rev.jpg\" alt=\"\" \/><\/p>\n<p>M002 Bianco<\/p>\n<p><img decoding=\"async\" src=\"https:\/\/www.eurocomponenti.com\/wp-content\/uploads\/2021\/09\/glaks-tortora-M021-3.jpg\" alt=\"\" \/><\/p>\n<p>M021 Tortora<\/p>\n<p><img decoding=\"async\" src=\"https:\/\/www.eurocomponenti.com\/wp-content\/uploads\/2021\/09\/glaks-cammello-M055-3.jpg\" alt=\"\" \/><\/p>\n<p>M055 Cammello<\/p>\n<p><img decoding=\"async\" src=\"https:\/\/www.eurocomponenti.com\/wp-content\/uploads\/2021\/09\/glaks-argilla-M115-3.jpg\" alt=\"\" \/><\/p>\n<p>M115 Argilla<\/p>\n<p><img decoding=\"async\" src=\"https:\/\/www.eurocomponenti.com\/wp-content\/uploads\/2021\/09\/glaks-nocciola-M075-2.jpg\" alt=\"\" \/><\/p>\n<p>M075 Nocciola<\/p>\n<p><img decoding=\"async\" src=\"https:\/\/www.eurocomponenti.com\/wp-content\/uploads\/2021\/09\/glaks-grigio-sasso-M060-2.jpg\" alt=\"\" \/><\/p>\n<p>M060 Grigio Sasso<\/p>\n<p><img decoding=\"async\" src=\"https:\/\/www.eurocomponenti.com\/wp-content\/uploads\/2021\/09\/glaks-grigio-singapore-M119-3.jpg\" alt=\"\" \/><\/p>\n<p>M119 Grigio Singapore<\/p>\n<p><img decoding=\"async\" src=\"https:\/\/www.eurocomponenti.com\/wp-content\/uploads\/2021\/09\/glaks-piombo-M116-2.jpg\" alt=\"\" \/><\/p>\n<p>M116 Piombo<\/p>\n<p><img decoding=\"async\" src=\"https:\/\/www.eurocomponenti.com\/wp-content\/uploads\/2021\/09\/glaks-fango-M094-2.jpg\" alt=\"\" \/><\/p>\n<p>M094 Fango<\/p>\n<p><img decoding=\"async\" src=\"https:\/\/www.eurocomponenti.com\/wp-content\/uploads\/2021\/09\/glaks-visone-M0VIS-2.jpg\" alt=\"\" \/><\/p>\n<p>M0VIS Visone<\/p>\n<p><img decoding=\"async\" src=\"https:\/\/www.eurocomponenti.com\/wp-content\/uploads\/2021\/09\/glaks-grigio-reale-M067-2.jpg\" alt=\"\" \/><\/p>\n<p>M067 Grigio Reale<\/p>\n<p><img decoding=\"async\" src=\"https:\/\/www.eurocomponenti.com\/wp-content\/uploads\/2021\/09\/glaks-nero-M012-1.jpg\" alt=\"\" \/><\/p>\n<p>M012 Nero<\/p>\n<p><img decoding=\"async\" src=\"https:\/\/www.eurocomponenti.com\/wp-content\/uploads\/2021\/09\/glaks-blu-giulietta-M091-2.jpg\" alt=\"\" \/><\/p>\n<p>M091 Blu Giulietta<\/p>\n<p><img decoding=\"async\" src=\"https:\/\/www.eurocomponenti.com\/wp-content\/uploads\/2021\/09\/glaks-ortensia-M182.jpg\" alt=\"\" \/><\/p>\n<p>M182 Azzurro Ortensia<\/p>\n<p><img decoding=\"async\" src=\"https:\/\/www.eurocomponenti.com\/wp-content\/uploads\/2021\/09\/glaks-blu-fumo-M185-3.jpg\" alt=\"\" \/><\/p>\n<p>M185 Blu Fumo<\/p>\n<p><img decoding=\"async\" src=\"https:\/\/www.eurocomponenti.com\/wp-content\/uploads\/2021\/09\/Blu-indigo.jpg\" alt=\"\" \/><\/p>\n<p>M186 Blu Indigo<\/p>\n<p><img decoding=\"async\" src=\"https:\/\/www.eurocomponenti.com\/wp-content\/uploads\/2021\/09\/glaks-blu-laguna-M089-2.jpg\" alt=\"\" \/><\/p>\n<p>M089 Blu Laguna<\/p>\n<p><img decoding=\"async\" src=\"https:\/\/www.eurocomponenti.com\/wp-content\/uploads\/2021\/09\/glaks-blu-marino-M200-2.jpg\" alt=\"\" \/><\/p>\n<p>M200 Blu Marino<\/p>\n<p><img decoding=\"async\" src=\"https:\/\/www.eurocomponenti.com\/wp-content\/uploads\/2021\/09\/glaks-blu-baltico-3.jpg\" alt=\"\" \/><\/p>\n<p>M201 Blu Baltico<\/p>\n<p><img decoding=\"async\" src=\"https:\/\/www.eurocomponenti.com\/wp-content\/uploads\/2021\/09\/glaks-verde-felce-M180.jpg\" alt=\"\" \/><\/p>\n<p>M180 Verde Felce<\/p>\n<p><img decoding=\"async\" src=\"https:\/\/www.eurocomponenti.com\/wp-content\/uploads\/2021\/09\/glaks-verde-salvia-M179.jpg\" alt=\"\" \/><\/p>\n<p>M179 Verde Salvia<\/p>\n<p><img decoding=\"async\" src=\"https:\/\/www.eurocomponenti.com\/wp-content\/uploads\/2021\/09\/glaks-verde-foresta-M714.jpg\" alt=\"\" \/><\/p>\n<p>M714 Verde Foresta<\/p>\n<p><img decoding=\"async\" src=\"https:\/\/www.eurocomponenti.com\/wp-content\/uploads\/2021\/09\/glaks-verde-lichene-M096-3.jpg\" alt=\"\" \/><\/p>\n<p>M096 Verde Lichene<\/p>\n<p><img decoding=\"async\" src=\"https:\/\/www.eurocomponenti.com\/wp-content\/uploads\/2021\/09\/glaks-verde-muschio-M064-2.jpg\" alt=\"\" \/><\/p>\n<p>M064 Verde Muschio<\/p>\n<p><img decoding=\"async\" src=\"https:\/\/www.eurocomponenti.com\/wp-content\/uploads\/2021\/09\/glaks-verde-tropicale-M202-2.jpg\" alt=\"\" \/><\/p>\n<p>M202 Verde Tropicale<\/p>\n<p><img decoding=\"async\" src=\"https:\/\/www.eurocomponenti.com\/wp-content\/uploads\/2021\/09\/glaks-rosa-colorado-M092-2.jpg\" alt=\"\" \/><\/p>\n<p>M092 Rosa Colorado<\/p>\n<p><img decoding=\"async\" src=\"https:\/\/www.eurocomponenti.com\/wp-content\/uploads\/2021\/09\/glaks-rosso-mattone-M039-2.jpg\" alt=\"\" \/><\/p>\n<p>M039 Rosso Mattone<\/p>\n<p><img decoding=\"async\" src=\"https:\/\/www.eurocomponenti.com\/wp-content\/uploads\/2021\/09\/glaks-rosso-veneziano-M098-2.jpg\" alt=\"\" \/><\/p>\n<p>M098 Rosso Veneziano<\/p>\n<p><img decoding=\"async\" src=\"https:\/\/www.eurocomponenti.com\/wp-content\/uploads\/2021\/09\/glaks-terra-rossa-M712.jpg\" alt=\"\" \/><\/p>\n<p>M712 Terra Rossa<\/p>\n<h3 style=\"text-align: center;\"><strong>Metallo Liquido<\/strong><\/h3>\n<h3 style=\"text-align: center;\">Oltre all\u2019ampia gamma di colori solidi, GLAKS\u00ae \u00e8 disponibile anche nella versione Metallo Liquido. Prodotti attraverso un processo di deposito di pigmenti metallici e leghe nobili, i diversi finish, accuratamente sviluppati per ciascuna tonalit\u00e0, donano eleganza cromatica e sobria espressivit\u00e0 agli ambienti di arredo.<\/h3>\n<p><img decoding=\"async\" src=\"https:\/\/www.eurocomponenti.com\/wp-content\/uploads\/2021\/09\/metallo-liquido-argento-M177-2.jpg\" alt=\"\" \/><\/p>\n<p>M177 Argento\u00a0<\/p>\n<p><img decoding=\"async\" src=\"https:\/\/www.eurocomponenti.com\/wp-content\/uploads\/2021\/09\/metallo-liquido-ottone-chiaro-M173-2.jpg\" alt=\"\" \/><\/p>\n<p>M173 Ottone Chiaro<\/p>\n<p><img decoding=\"async\" src=\"https:\/\/www.eurocomponenti.com\/wp-content\/uploads\/2021\/09\/metallo-lucido-rame-M174-2.jpg\" alt=\"\" \/><\/p>\n<p>M174 Rame\u00a0<\/p>\n<p><img decoding=\"async\" src=\"https:\/\/www.eurocomponenti.com\/wp-content\/uploads\/2021\/09\/glaks-lucido-bianco-perlato-M143-2.jpg\" alt=\"\" \/><\/p>\n<p>M143 Bianco Perlato\u00a0\u00a0\u00a0<\/p>\n<h2 style=\"text-align: center;\"><strong>Straordinario effetto vetro<\/strong><\/h2>\n<h3 style=\"text-align: center;\">GLAKS\u00ae restituisce l\u2019estetica del vetro e ne eredita caratteristiche e performance: trasparenza, brillantezza ed opacit\u00e0, con una serie di importanti vantaggi in termini di resistenza e sicurezza: \u00e8 infrangibile, resistente ai graffi, agli urti, all\u2019usura, agli agenti chimici e ai raggi UV. Un solo materiale, numerosi benefici: \u00e8 un materiale igienico, ecologico perch\u00e9 riciclabile, atossico, facile da pulire, pratico dal punto di vista dell\u2019uso e della manutenzione.<\/h3>\n<h3 style=\"text-align: center;\">A: 2 &#8211; 3 mm di estruso di PMMA al 100% arricchito da polvere di vetro vero<br \/>B: Pannello certificato FSC\u00ae &#8211; PEFC<br \/>C: Lastra di retro di PMMA opaco bilanciante in tinta con la superficie<\/h3>\n<h3><img loading=\"lazy\" decoding=\"async\" src=\"https:\/\/www.eurocomponenti.com\/wp-content\/uploads\/2021\/09\/dettaglio-tecnico-glaks.svg\" alt=\"\" width=\"476\" height=\"349\" \/><\/h3>\n<h2 style=\"text-align: center;\"><strong>Caratteristiche<\/strong><\/h2>\n<p><img loading=\"lazy\" decoding=\"async\" src=\"https:\/\/www.eurocomponenti.com\/wp-content\/uploads\/2021\/09\/effetto-vetro_Tavola-disegno-1.svg\" alt=\"caratteristica\" width=\"114\" height=\"114\" data-src=\"https:\/\/www.eurocomponenti.com\/wp-content\/uploads\/2021\/09\/effetto-vetro_Tavola-disegno-1.svg\" \/>Effetto vetro<img loading=\"lazy\" decoding=\"async\" src=\"https:\/\/www.eurocomponenti.com\/wp-content\/uploads\/2021\/09\/infrangibile.svg\" alt=\"caratteristica\" width=\"147\" height=\"147\" data-src=\"https:\/\/www.eurocomponenti.com\/wp-content\/uploads\/2021\/09\/infrangibile.svg\" \/>Infrangibile<img loading=\"lazy\" decoding=\"async\" src=\"https:\/\/www.eurocomponenti.com\/wp-content\/uploads\/2021\/09\/piu-leggero-del-vetro.svg\" alt=\"caratteristica\" width=\"143\" height=\"88\" data-src=\"https:\/\/www.eurocomponenti.com\/wp-content\/uploads\/2021\/09\/piu-leggero-del-vetro.svg\" \/>Pi\u00f9 leggero del vetro<img loading=\"lazy\" decoding=\"async\" src=\"https:\/\/www.eurocomponenti.com\/wp-content\/uploads\/2021\/09\/resistente-ai-graffi.svg\" alt=\"caratteristica\" width=\"126\" height=\"126\" data-src=\"https:\/\/www.eurocomponenti.com\/wp-content\/uploads\/2021\/09\/resistente-ai-graffi.svg\" \/>Resistente ai graffi<img loading=\"lazy\" decoding=\"async\" src=\"https:\/\/www.eurocomponenti.com\/wp-content\/uploads\/2021\/09\/superopaco-antimpronta.svg\" alt=\"caratteristica\" width=\"121\" height=\"121\" data-src=\"https:\/\/www.eurocomponenti.com\/wp-content\/uploads\/2021\/09\/superopaco-antimpronta.svg\" \/>Superopaco antimpronta<img loading=\"lazy\" decoding=\"async\" src=\"https:\/\/www.eurocomponenti.com\/wp-content\/uploads\/2021\/09\/resistente-alla-luce.svg\" alt=\"caratteristica\" width=\"120\" height=\"120\" data-src=\"https:\/\/www.eurocomponenti.com\/wp-content\/uploads\/2021\/09\/resistente-alla-luce.svg\" \/>Resistente alla luce<img loading=\"lazy\" decoding=\"async\" src=\"https:\/\/www.eurocomponenti.com\/wp-content\/uploads\/2021\/09\/facile-da-lavorare.svg\" alt=\"caratteristica\" width=\"127\" height=\"127\" data-src=\"https:\/\/www.eurocomponenti.com\/wp-content\/uploads\/2021\/09\/facile-da-lavorare.svg\" \/>Facile da lavorare<img loading=\"lazy\" decoding=\"async\" src=\"https:\/\/www.eurocomponenti.com\/wp-content\/uploads\/2021\/09\/basse-emissioni-VOCs-1.svg\" alt=\"caratteristica\" width=\"114\" height=\"114\" data-src=\"https:\/\/www.eurocomponenti.com\/wp-content\/uploads\/2021\/09\/basse-emissioni-VOCs-1.svg\" \/>Basse emissioni VOCs<img loading=\"lazy\" decoding=\"async\" src=\"https:\/\/www.eurocomponenti.com\/wp-content\/uploads\/2021\/09\/facile-da-pulire.svg\" alt=\"caratteristica\" width=\"121\" height=\"121\" data-src=\"https:\/\/www.eurocomponenti.com\/wp-content\/uploads\/2021\/09\/facile-da-pulire.svg\" \/>Facile da pulire<img loading=\"lazy\" decoding=\"async\" src=\"https:\/\/www.eurocomponenti.com\/wp-content\/uploads\/2021\/09\/35-decorativi.svg\" alt=\"caratteristica\" width=\"108\" height=\"108\" data-src=\"https:\/\/www.eurocomponenti.com\/wp-content\/uploads\/2021\/09\/35-decorativi.svg\" \/>35+ decorativi<br \/>\n\t\t\t\t\t\t\t\t\t\t\t\t<a tabindex=\"0\">Come il Vetro\u200b<\/a><\/p>\n<h4>Dal Vetro , Glaks ha ereditato le caratteristiche salienti , quali la trasparenza , la resistenza ai graffi , agli agenti chimici ai raggi UV<\/h4>\n<p>\t\t\t\t\t\t\t\t\t\t\t\t<a tabindex=\"0\">Migliore del Vetro\u200b<\/a><\/p>\n<h4>Vellutato al tatto, leggero , riciclabile e disponibile in una grande variante di colori\u00a0<\/h4>\n<h4>Queste sono le caratteristiche peculiari di Glaks , il vetro organico di nuova generazione, supporto ideale per la realizzazione di arredi di design<\/h4>\n<p>\t\t\t\t\t\t\t\t\t\t\t\t<a tabindex=\"0\">Qualit\u00e0<\/a><\/p>\n<h4>Grazie al nano rivestimento che ne protegge la superficie, Glaks\u00ae \u00e8 un materiale estremamente robusto.<br \/>\u00c8 stato sottoposto a molti test di laboratorio che ne dimostrano la resistenza agli urti, ai graffi, ai liquidi, alla luce, al clima ed agli sbalzi di temperatura.<br \/>Glaks\u00ae non ingiallisce col tempo.<br \/>Glaks\u00ae non emette VOC, \u00e8 sicuro per l\u2019uomo e per l\u2019ambiente.<br \/>Glaks\u00ae non teme il calore: \u00e8 termoresistente fino a oltre 90\u00b0 C.<br \/>Glaks\u00ae \u00e8 antimpronta e resistente ai batteri, e dunque adatto anche a luoghi pubblici.<\/h4>\n<p>\t\t\t\t\t\t\t\t\t\t\t\t<a tabindex=\"0\">Pulizia e Manutezione<\/a><\/p>\n<p><img loading=\"lazy\" decoding=\"async\" src=\"http:\/\/www.atracucine.it\/wp-content\/uploads\/2021\/04\/Glaks_Pulizia_Manutenzione.jpg\" alt=\"\" width=\"588\" height=\"373\" \/><\/p>\n<p>\t\t\t\t\t<a href=\"http:\/\/areaclienti.atracucine.it\/CLIENTI\/Dpl_Shine_Lw.pdf\"><br \/>\n\t\t\t\t\t\t\t\t\tScarica Catalogo Shine<br \/>\n\t\t\t\t\t<\/a><\/p>\n","protected":false},"excerpt":{"rendered":"<p>Le straordinarie potenzialit\u00e0 dell\u2019effetto vetroGLAKS\u00ae \u00e8 la superficie innovativa dall\u2019effetto vetro. Riconosciuto anche come \u201cvetro organico\u201d, poich\u00e9 combina la polvere di silicio al puro PMMA trasparente. GLAKS\u00ae riporta l\u2019estetica del vetro verso una nuova soluzione, ancora pi\u00f9 autentica: l\u2019unione perfetta tra leggerezza e solidit\u00e0. Il vetro organico di nuova generazione diventa un supporto ideale per [&hellip;]<\/p>\n","protected":false},"author":2,"featured_media":0,"parent":1854,"menu_order":0,"comment_status":"closed","ping_status":"closed","template":"","meta":{"_exactmetrics_skip_tracking":false,"_exactmetrics_sitenote_active":false,"_exactmetrics_sitenote_note":"","_exactmetrics_sitenote_category":0,"footnotes":""},"class_list":["post-2510","page","type-page","status-publish","hentry"],"_links":{"self":[{"href":"https:\/\/www.atracucine.it\/index.php?rest_route=\/wp\/v2\/pages\/2510","targetHints":{"allow":["GET"]}}],"collection":[{"href":"https:\/\/www.atracucine.it\/index.php?rest_route=\/wp\/v2\/pages"}],"about":[{"href":"https:\/\/www.atracucine.it\/index.php?rest_route=\/wp\/v2\/types\/page"}],"author":[{"embeddable":true,"href":"https:\/\/www.atracucine.it\/index.php?rest_route=\/wp\/v2\/users\/2"}],"replies":[{"embeddable":true,"href":"https:\/\/www.atracucine.it\/index.php?rest_route=%2Fwp%2Fv2%2Fcomments&post=2510"}],"version-history":[{"count":328,"href":"https:\/\/www.atracucine.it\/index.php?rest_route=\/wp\/v2\/pages\/2510\/revisions"}],"predecessor-version":[{"id":4967,"href":"https:\/\/www.atracucine.it\/index.php?rest_route=\/wp\/v2\/pages\/2510\/revisions\/4967"}],"up":[{"embeddable":true,"href":"https:\/\/www.atracucine.it\/index.php?rest_route=\/wp\/v2\/pages\/1854"}],"wp:attachment":[{"href":"https:\/\/www.atracucine.it\/index.php?rest_route=%2Fwp%2Fv2%2Fmedia&parent=2510"}],"curies":[{"name":"wp","href":"https:\/\/api.w.org\/{rel}","templated":true}]}}